e the highest common divisor of 5574 and 361390290.
5574
Calculate the greatest common factor of 2086394 and 46789.
659
Calculate the highest common factor of 9794196 and 94392.
2052
What is the highest common divisor of 3616110 and 9735?
885
Calculate the greatest common factor of 3914804 and 16740.
124
What is the greatest common divisor of 393948 and 78492?
372
Calculate the highest common factor of 435 and 1455968055.
435
Calculate the highest common factor of 11570 and 1827678190.
11570
Calculate the highest common divisor of 686895 and 6831.
759
Calculate the highest common factor of 135 and 3903420.
15
Calculate the greatest common divisor of 30800 and 3120425.
1925
What is the greatest common factor of 1715292 and 1302?
186
Calculate the highest common divisor of 10738 and 20938333.
767
What is the highest common divisor of 185353305 and 75?
15
What is the greatest common factor of 5681851 and 14?
7
Calculate the greatest common factor of 45090 and 134190.
270
What is the highest common factor of 43416 and 1034145?
603
What is the greatest common factor of 40260 and 113190?
330
What is the highest common factor of 237797 and 172921?
49
Calculate the highest common factor of 10058705 and 920.
115
What is the greatest common factor of 7790 and 108158?
82
Calculate the greatest common factor of 2030 and 8137682.
14
Calculate the highest common divisor of 1995 and 524587.
7
What is the highest common factor of 3775 and 9070117?
151
Calculate the highest common divisor of 98 and 2819124.
14
What is the greatest common divisor of 185 and 640835?
5
What is the greatest common divisor of 23544789 and 15?
3
Calculate the greatest common divisor of 65 and 1694199.
13
What is the highest common divisor of 43452280 and 240?
40
What is the greatest common divisor of 77994 and 34734?
42
What is the highest common divisor of 244051 and 284490?
109
What is the greatest common factor of 207 and 9124629?
69
Calculate the greatest common factor of 45334275 and 525.
525
Calculate the greatest common divisor of 901 and 5425557.
53
Calculate the greatest common divisor of 19065 and 2051025.
615
Calculate the greatest common divisor of 21664973 and 803.
11
What is the highest common factor of 5875 and 35288775?
1175
Calculate the highest common factor of 215339862 and 1731.
1731
What is the greatest common factor of 29335272 and 16?
8
Calculate the greatest common divisor of 19930 and 16715.
5
Calculate the greatest common divisor of 3738946 and 18659.
397
What is the highest common factor of 1080002 and 5159?
77
What is the greatest common divisor of 87128 and 21592?
8
Calculate the greatest common factor of 945 and 237362265.
945
Calculate the highest common factor of 52 and 159510.
26
What is the greatest common divisor of 426 and 552106224?
426
Calculate the highest common divisor of 512 and 12661568.
64
What is the highest common divisor of 99 and 87966693?
9
Calculate the highest common divisor of 15917427 and 7704.
963
What is the greatest common divisor of 1928874 and 153114?
906
What is the highest common factor of 389 and 11597?
1
What is the greatest common factor of 492969 and 35270919?
6753
What is the greatest common factor of 72 and 2490516?
36
Calculate the greatest common divisor of 1638 and 1802808.
126
Calculate the greatest common divisor of 2996250 and 38590.
170
What is the greatest common factor of 193532318 and 31?
31
Calculate the greatest common divisor of 527 and 820980099.
527
What is the highest common factor of 3204075 and 1350225?
1275
Calculate the greatest common divisor of 109977 and 84.
21
Calculate the greatest common divisor of 802 and 1927430159.
401
What is the highest common factor of 1840 and 8379452?
92
Calculate the highest common factor of 61399016 and 122752.
7672
What is the highest common factor of 3741074 and 81538?
1382
What is the greatest common divisor of 5896 and 2648644?
268
Calculate the greatest common factor of 159111 and 22493.
83
What is the highest common factor of 727 and 132159149?
727
Calculate the highest common divisor of 18205 and 72270209.
3641
Calculate the highest common divisor of 9139 and 1131127.
703
Calculate the greatest common factor of 138 and 782974326.
138
Calculate the highest common divisor of 1708 and 40447148.
1708
What is the highest common divisor of 1355818959 and 594?
297
What is the highest common factor of 43172 and 1223876?
1004
What is the highest common divisor of 689 and 2620103707?
689
Calculate the greatest common divisor of 3945 and 7541715.
15
Calculate the highest common divisor of 15798414 and 355746.
1266
What is the greatest common factor of 157575488 and 1344?
448
Calculate the highest common divisor of 990 and 128132620.
110
What is the greatest common factor of 13567704 and 6576?
24
What is the greatest common factor of 9815835 and 603?
201
Calculate the highest common divisor of 8697438 and 3060.
306
What is the greatest common divisor of 124058981 and 761?
761
Calculate the highest common factor of 2736 and 2399472.
2736
What is the greatest common factor of 13087 and 5566?
23
Calculate the greatest common divisor of 93593 and 10678799.
541
What is the highest common factor of 230 and 34836605?
115
Calculate the highest common divisor of 3476430 and 17328.
2166
What is the highest common factor of 1166 and 1847792?
106
What is the greatest common factor of 2 and 146404732?
2
Calculate the highest common factor of 2020536 and 81657.
1899
Calculate the greatest common factor of 10703 and 28523.
11
Calculate the highest common divisor of 2043 and 683951.
227
What is the highest common divisor of 1062 and 26551404?
18
What is the highest common divisor of 126 and 147777?
21
What is the highest common factor of 722 and 61066?
38
What is the greatest common factor of 662408712 and 3164?
3164
Calculate the highest common factor of 8505747 and 20635.
4127
Calculate the highest common divisor of 15504 and 17484294.
114
Calculate the highest common factor of 159840 and 153760.
160
Calculate the highest common factor of 1288876 and 54694.
2378
What is the greatest common divisor of 20 and 2756451500?
20
What is the greatest common divisor of 5503960 and 330?
110
What is the highest common divisor of 1186515 and 517?
517
Calculate the highest common factor of 3260184 and 168.
24
What is the highest common divisor of 665 and 38428355?
665
What is the greatest common factor of 532483188 and 96?
12
What is the greatest common factor of 66960 and 220720?
2480
Calculate the greatest common divisor of 37755689 and 3628.
907
Calculate the highest common factor of 16425 and 2993.
73
What is the greatest common divisor of 135883670 and 7024?
878
What is the highest common divisor of 395446 and 180290?
298
What is the greatest common divisor of 212496 and 234384?
912
What is the highest common divisor of 26973520 and 9408?
784
What is the greatest common factor of 140 and 198765?
35
Calculate the greatest common divisor of 43379216 and 2528.
1264
Calculate the highest common divisor of 33550 and 13606450.
550
What is the highest common factor of 36 and 2503884?
12
What is the greatest common factor of 2293740 and 1260?
180
What is the highest common factor of 1013098 and 15181?
17
What is the greatest common factor of 390 and 26174915?
65
What is the greatest common factor of 15340381 and 196?
49
Calculate the greatest common divisor of 383264 and 1906408.
3304
Calculate the highest common factor of 156 and 2151672.
12
Calculate the highest common factor of 46 and 5253108.
46
Calculate the greatest common factor of 31968 and 81156.
12
What is the greatest common divisor of 2031 and 59206358?
677
Calculate the greatest common factor of 132 and 673453.
11
What is the greatest common divisor of 4346 and 1373548?
106
Calculate the greatest common factor of 1000 and 5830250.
250
What is the highest common factor of 1219 and 9866586?
1219
What is the greatest common factor of 3633 and 14294644?
1211
Calculate the greatest common divisor of 258 and 1624381674.
258
Calculate the greatest common factor of 10 and 663652.
2
Calculate the greatest common divisor of 2928 and 2847264.
48
What is the greatest common factor of 17238 and 1668822?
102
Calculate the highest common divisor o